hat is the hundreds digit of x(10)?
2
Suppose 5*y + 15 = -5*p + 10*y, 2*p + 2*y - 10 = 0. What is the units digit of (-14278)/(-22) - (-8 + p)?
6
Suppose -5*d - 1 = -16. Let b be 24*24/27*d. Let m = b + -45. What is the tens digit of m?
1
Let o = 25 + -25. Suppose -218 = -3*h - 2*y, h + 4*y - 8 - 78 = o. Let i = h + -14. What is the tens digit of i?
5
Suppose -2 = 5*m + 43. Let y(d) = 2*d**2 + 8*d + 22. Let q be y(m). Suppose 0 = 12*p - 10*p - q. What is the tens digit of p?
5
Suppose 24*d - 11617 = 5421 + 458. What is the hundreds digit of d?
7
Let t be (9089 + 4)/3*12/14. Suppose -t = 2*v - 8*v. What is the tens digit of v?
3
Let c = -62 + 103. Suppose -c*n + 47*n = 2058. What is the units digit of n?
3
Let j = 12816 + 2070. What is the units digit of j?
6
Let v(j) be the first derivative of -j**4/4 + 16*j**3/3 - 10*j**2 - 12*j - 33. Let n be v(14). What is the units digit of (n/24 - 3)/(3/18)?
7
Let d(f) = 533*f**2 - 52*f + 383. What is the thousands digit of d(8)?
4
Suppose 4*n = -12, -5*c + 2*n + 13 + 3 = 0. Suppose 2*j + 3*d - 857 = 0, c*d + 396 = j - 3*d. What is the units digit of j?
1
Let w = 56514 + -29828. What is the units digit of w?
6
Let y = -5017 - -21871. What is the units digit of y?
4
Suppose 8*k - 6*k = 588. Suppose 912 = 3*j + k. Suppose b = -5*t + 232, 4*t + b = j - 20. What is the tens digit of t?
4
Suppose 0 = -31*s + 30*s + 215. Let n = -24 + 337. Let m = n - s. What is the units digit of m?
8
Suppose 0 = 2*p - 3*q - 18615, -6*p + q - 9320 = -7*p. What is the thousands digit of p?
9
Let w = 56 + -122. Let x = w + 70. Suppose -x*s + 53 = c, 0*c + 3*c - 3*s - 189 = 0. What is the units digit of c?
1
Let q = -656 - -694. Suppose 5*x + 4*u = 105, 0*u - 3*u + 100 = 5*x. Let y = x + q. What is the tens digit of y?
5
Let o(r) = r**3 + 2*r**2 - 8*r + 4. Let n be o(-4). Suppose j - 4*a + 5 + 6 = 0, -n*j + a = -16. Suppose -3*q + j = 2. What is the units digit of q?
1
Let t = -192 - -199. Suppose 0 = t*d - 3111 - 1908. What is the tens digit of d?
1
Let q be (-15)/20*12/(-9). What is the tens digit of 5 - (6 - q) - -475?
7
Let a = -249 + -275. Let l = a + 619. What is the tens digit of l?
9
Let m be 14/(6 - (-31184)/(-5198)). Suppose -i - m = -24*i. What is the tens digit of i?
9
Let c(p) = 13*p**2 - 4*p - 43. Let q be c(13). Suppose 2*z - t - 234 = q, -3*z + 3510 = -3*t. What is the thousands digit of z?
1
Let p be 6/5*((-2750)/4)/(-11). Suppose 0 = -67*o + p*o - 88. What is the units digit of o?
1
Suppose 23*a - 6 = 25*a, -4*a = 3*y + 393. Suppose -2*v - 5*k = -23 + 226, 198 = -2*v - 4*k. Let g = v - y. What is the tens digit of g?
3
Let a(p) = p**2 - 3*p - 70. Let c(y) = 2*y**2 + y + 1. Let s(j) = -a(j) + c(j). What is the tens digit of s(20)?
5
Suppose 6 = 12*s - 30. Suppose 14*x - s*x - 2090 = 0. What is the units digit of x?
0
Let d = -9 - 21. Let r be (2/5)/((-6)/d). Suppose 5*o - 718 = 4*c, -4*o + o + 432 = -r*c. What is the tens digit of o?
4
Suppose -52*h = -3*h - 58468 - 23999. What is the tens digit of h?
8
Let a(t) = 136*t + 37. Let n(j) = 45*j + 13. Let h(u) = 6*a(u) - 17*n(u). What is the tens digit of h(1)?
5
Let y = 164 - 170. Let r(v) = -44*v - 76. What is the units digit of r(y)?
8
Let t = -27756 - -50792. What is the thousands digit of t?
3
Let f(q) = 2152*q - 3286. What is the hundreds digit of f(6)?
6
Let h = 10024 + 1001. What is the ten thousands digit of h?
1
Let l = -8046 + 20849. What is the units digit of l?
3
Suppose 15*x = 20*x - 2330. Let o = x - -75. What is the units digit of o?
1
What is the units digit of 120287/15 - (-96)/(-720)?
9
Suppose 0 = 20*z - 15*z - 5. Let l(y) = 1396*y + 1. What is the hundreds digit of l(z)?
3
Suppose -5*m + 1091*a - 1094*a = -113350, -3*m = 3*a - 68010. What is the ten thousands digit of m?
2
Suppose -79704 = -5*c - 2*q - 952, -3*q = 4*c - 63003. What is the units digit of c?
0
Let f(c) = -c**3 + 13*c**2 + 3. Let v be f(13). Suppose q + v*q = 8. Suppose -4*z = q*m - 208, 3*m - 4*m = -2. What is the units digit of z?
1
Let w(o) = 27*o - 10. Let m(c) = -41*c + 15. Let r(k) = -5*m(k) - 8*w(k). Let q(s) = 10*s - 6. Let f(p) = 6*q(p) + 5*r(p). What is the tens digit of f(17)?
7
Suppose -2*v - l + 0 = -6, -5*l - 3 = -v. Let f(o) = -13*o + 9 + 90*o - 39*o. What is the tens digit of f(v)?
2
Suppose 2371 = -5*r - 949. What is the hundreds digit of ((-1285)/(-4))/((-415)/r)?
5
Let x(g) = 182*g**2 + 724*g - 50. What is the units digit of x(20)?
0
Let g = 14635 + -10343. What is the units digit of g?
2
Let c(l) = -10*l**3 - 37*l**2 - 76*l - 19. What is the ten thousands digit of c(-13)?
1
Suppose -107*n - 202014 = -125*n. What is the thousands digit of n?
1
Let y(q) = q**3 - 5*q**2 - 16*q + 28. Let h be y(2). Let l be (-492)/(-5) - 4/10. Let x = h + l. What is the tens digit of x?
8
Let v be ((-2)/11 + (-165)/(-242))*974. Let p = -103 + v. What is the tens digit of p?
8
Let d(n) = -18*n**2 - n**3 - 8 + 265*n - 282*n - 6. What is the units digit of d(-18)?
2
Let w = 14959 + 1616. What is the units digit of w?
5
Let s(a) = 5*a**2 + 4*a + 9. Suppose -3*x + 3 = 3*r - 21, -72 = -5*r + 3*x. Suppose -2*w = w + r. What is the units digit of s(w)?
3
Let m(f) = -235*f**3 + f**2 - 28*f - 58. What is the tens digit of m(-2)?
8
What is the ten thousands digit of 16888 - (9/21 - (-2112)/462)?
1
Let y(n) = 2381*n**3 - 7*n + 6. Let l be y(1). Suppose 3*p - m - 1785 = -0*m, l = 4*p - 4*m. What is the units digit of p?
5
Suppose 0 = -v + 5*v + 3*p + 105, -2*v - 54 = 2*p. Let m be (102/v - -6)/((-2)/(-16)). What is the units digit of (38/4 + 0)*m?
3
Suppose -646*y + 39090 = -644*y. Suppose 17*d - 32*d = -y. What is the units digit of d?
3
Let k be 22/(-6)*-1 + (-20)/12. Suppose 5*x - k*w = 1936, 3*x + 0*x = -5*w + 1143. What is the hundreds digit of x?
3
Let q = -339 - -825. Suppose 0 = -174*b + 172*b + q. What is the tens digit of b?
4
Let l be 836/(-5)*(-6 + 1). Suppose -3*u + l + 1144 = 0. What is the hundreds digit of u?
6
Suppose -59*r + 71*r - 32760 = 0. Suppose -15*s + r = -6615. What is the tens digit of s?
2
Let x = -121 - -126. Suppose -m = -5*v - 3, x*v - 9 = -2*m - 3. Suppose v = 4*u + 2*l - 3*l - 539, u - 149 = 5*l. What is the units digit of u?
4
Suppose 12637 = 5*p + 3*a, -3*p + 7579 = -0*p + a. Suppose -5*o - 1534 = -3*n, 2*o - p = -5*n + 4*o. What is the units digit of n?
3
Suppose -5*s + 57279 = -3*w, 114*w - 113*w - 22927 = -2*s. What is the ten thousands digit of s?
1
Suppose 92 + 1033 = -25*g. What is the tens digit of 1238 + (g/(-9) - -1)?
4
Let n(x) = 3*x**3 - 12*x**2 - 2*x + 12. Suppose -4*m + 40 = -4*f, -m + 8 = 3*m + 4*f. What is the hundreds digit of n(m)?
2
Suppose 0 = a - 389 - 109. Let k = -48 + a. What is the units digit of k?
0
Let v be (-692)/(-28) - 6/(-21). Let k(h) = 3 - v*h - h - 9*h. What is the tens digit of k(-4)?
4
Let m(q) = -162*q**2. Let x be m(-1). Let v = 804 + x. What is the units digit of (3/2)/(9/v)?
7
What is the hundreds digit of 65865/9 + (-138)/9 + 15?
3
What is the hundreds digit of (6708/(-260))/((-2)/20)?
2
Suppose n + 0*r - 128 = 2*r, 4*n + 2*r = 482. Suppose 0 = -2*y + 10, -4*b - 5*y - n = -1043. What is the tens digit of b?
2
Let l(i) be the second derivative of 0 - 14/3*i**3 - i - 18*i**2. What is the tens digit of l(-8)?
8
Suppose -3927 = -8*t + 1121. What is the hundreds digit of t?
6
Let x = 2822 - -14200. What is the tens digit of x?
2
Let s = -4464 - -17866. What is the tens digit of s?
0
Let w(i) = i**3 - 107*i**2 - 168*i + 1458. What is the ten thousands digit of w(110)?
1
Let b = 369 + 307. Suppose -6*z + b = -1274. What is the units digit of z?
5
Suppose 3*n - 4*v = 160, 5*n = 4*n - 5*v + 85. Let p = -5 + n. Let j = 160 - p. What is the units digit of j?
5
Let u(c) = 92*c + 652. What is the thousands digit of u(58)?
5
Let c(l) = 6*l**3 - 9*l**2 + 41*l + 30. What is the hundreds digit of c(13)?
2
Let p(g) = 4*g**3 - 18*g**2 - 2*g + 31. What is the hundreds digit of p(13)?
7
Let d(l) = l**3 - 7*l**2 - 17*l + 3. Let w be d(10). Suppose 6049 = 12*t + w. What is the hundreds digit of t?
4
Suppose 4*i - 17*x - 49154 = -23*x, 2*i - 4*x - 24584 = 0. What is the thousands digit of i?
2
Let g = -5609 - -12723. What is the units digit of g?
4
Let t(h) = 11*h - 56. Let b be t(5). Let p = 602 - b. What is the units digit of p?
3
Suppose